 = k - -51. What is the tens digit of l?
4
What is the units digit of -1*21*(-72)/27?
6
Let g be (-2 - -1 - -1)/(8 + -9). Suppose g*c - 39 = -3*c. What is the tens digit of c?
1
Suppose -3*v = -2*u - 0*u - 140, 0 = 5*u - v + 324. Let w = u - -133. What is the units digit of w?
9
Suppose 5*y - x = 5175, 5*x + 2496 + 631 = 3*y. What is the hundreds digit of y?
0
Suppose -3*x - 122 = -2*j, 122 = j + j - 5*x. What is the tens digit of j?
6
What is the tens digit of ((70/6)/(-7))/((-28)/31836)?
9
Let q(x) = -x**3 + 10*x**2 + 12*x + 13. Let v be q(11). Let a = 21 - v. What is the tens digit of a/(12/(-100)) + 3?
2
Suppose 0 = 3*m - 5*c + 6, 4*m + 1 = 5*c - 2. Suppose 792 = 4*n + h - 6*h, -594 = -3*n + m*h. What is the hundreds digit of n?
1
Let n(r) = 4*r**3 + 5*r**2 + r + 12. What is the tens digit of n(5)?
4
Suppose 54842 - 13152 = 11*u. What is the units digit of u?
0
Suppose x + 4*v = -15, -2*v - 15 = -3*x + 2*x. Let w be (1056/(-55))/(2/(-20)). Suppose g + 3*g = -5*i + w, 2*g = x*i + 66. What is the tens digit of g?
4
Suppose 2*b + j + 2*j - 15 = 0, b = 3*j - 15. Suppose b = -4*z + 264 + 292. What is the hundreds digit of z?
1
Suppose -5*d = 2*k - 11, k - d - 3*d = 38. Suppose -k*g + 1166 = -7*g. What is the tens digit of g?
0
Let i(w) = w + 4. Suppose 2*a = 4*a. Let o be i(a). Suppose o*z - 1 = 3. What is the units digit of z?
1
Let j(l) = l**3 - 4*l**2 + 7*l - 6. Suppose 5*v - 13 = 7. What is the tens digit of j(v)?
2
Suppose 13*w - 8*w = -35. Let z = -48 + w. Let g = -21 - z. What is the units digit of g?
4
Let a = 28 - 15. Let k = 1 + a. Let y = 15 - k. What is the units digit of y?
1
Let z(c) = 9*c**2 + 2*c - 2. Let h = -4 + 6. Let n be h/(-3) + (-16)/12. What is the units digit of z(n)?
0
Let q = -22 - -18. Suppose -4*c + 2*y + 24 = -5*c, 15 = -5*y. What is the units digit of c/q - 5/10?
4
Suppose -5*o + 71 = 76. Let r(v) = 36*v**2 - 8*v - 7. What is the tens digit of r(o)?
3
Let l(m) = 2*m + 29. Let i be l(-13). Suppose -5*h = -0*g - 2*g - 28, -28 = -4*h + i*g. What is the units digit of ((-6)/h)/(36/(-336))?
4
Suppose 2*f - 1 - 3 = 0. Suppose -p + 4*s = -3, -4*s = 3*p + f*p - 87. Let z = -7 + p. What is the units digit of z?
8
Let k = -713 + 1689. What is the hundreds digit of k?
9
Let s be (-9)/4*(6 - (-110)/(-15)). What is the units digit of (s/15 - 0) + 269/5?
4
Let b(i) = i - 3. Let z be b(6). Suppose -z*v + 1274 = -2*r - 686, -3*v = 4*r - 1966. What is the units digit of (-2)/(-7) + v/14?
7
Let q(r) = -208*r + 197. What is the units digit of q(-6)?
5
Let q(b) be the first derivative of -b**4/4 + 7*b**3/3 - b**2 + 3*b - 4. Let l(a) = -a**3 - 7*a**2 - 6*a + 6. Let j be l(-6). What is the tens digit of q(j)?
2
Suppose -2*c - 3*b + 272 = -6*c, 2*b - 134 = 2*c. Let i = c + 108. What is the tens digit of i?
3
Let v be (3 - -53*5) + 2 + -2. Suppose -4*t + b = -359, b = -2*t + v - 93. What is the tens digit of t?
8
Suppose -n + 3*c = -3 - 2, -9 = -3*c. What is the tens digit of n*(1/(-2) + 2)?
2
Suppose -3*g + 122 = -3*l - 43, -4*g = -5*l - 217. Suppose 3*x - g = -k, 5*x = -5*k + 98 + 2. Let h = x - 9. What is the tens digit of h?
1
Let m(c) be the second derivative of -c**5/20 - c**4/3 + c**3/3 - 5*c**2/2 + 7*c. Let n be m(-5). What is the units digit of ((-6)/(12/n))/(-1)?
5
Let v(u) = 7*u**3 - 2*u**2 - u - 9. Let p(f) = -f**3 - 19*f**2 - 16*f + 39. Let i be p(-18). What is the hundreds digit of v(i)?
1
Let a = 2117 - 1016. What is the units digit of a/15 - (-2)/(-5)?
3
Let w = -155 - -158. Suppose -y - 347 = -w*r, -r - 2*y = 3*y - 105. What is the units digit of r?
5
Suppose -5*d + m + 13 = 0, -d = m - 5*m + 5. Suppose d*r = -b - 240, -r - 3*r - 480 = 2*b. What is the tens digit of (3/6)/((-6)/b)?
2
What is the units digit of (-5)/(-20) + (-25)/4 + 199?
3
Let y = 8090 - 4183. What is the units digit of y?
7
Suppose -3*v + 4*c - 3*c + 1 = 0, 3*c = 15. Let j(w) = 47*w**2 + 3*w - 5. What is the units digit of j(v)?
9
Suppose 2*a - 2*y = 390, -2*y = 3*a + 2*y - 585. What is the hundreds digit of a?
1
Suppose -21*o = 7*o - 21924. What is the units digit of o?
3
Let p = 16 + -2. Let b(r) = 3 + p*r - 2*r**2 + 17*r - 13*r. What is the tens digit of b(6)?
3
Let k = 22 + -14. Let s(u) = -u**3 + 8*u**2 + 2*u + 5. Let m be s(k). Let r = 7 + m. What is the tens digit of r?
2
Let m = 14 - 30. Let v = m - -14. Let k(j) = 3*j**2 - 5*j - 5. What is the units digit of k(v)?
7
Suppose 3*j = 5*v + 26, 0 = 3*j - 0*j - 3*v - 18. Suppose -4*z + 3*m = -j*m - 428, 214 = 2*z - 5*m. What is the hundreds digit of z?
1
Let o be 36/27*1*3. Suppose o*x = x + 12. Suppose r + 202 = x*k, -2*k - 4*r = r - 112. What is the units digit of k?
1
Let v = -40 + 69. Suppose -2*r + 3*b + 51 = -0*b, -2*r + 57 = -5*b. Let k = v - r. What is the units digit of k?
8
Let x(b) be the first derivative of b**3/3 + 5*b**2 + 10*b + 4. What is the units digit of x(-9)?
1
Let w = -1017 - -1122. What is the tens digit of w?
0
Suppose -3*r - 2*r = -3*h - 1155, -2*r - 5*h = -462. What is the units digit of r?
1
Let m = 3367 + -1971. What is the hundreds digit of m?
3
Let c = -240 - -1039. What is the units digit of c?
9
Let c be 4/8 + (-386)/4. Let v = -26 - c. What is the units digit of v?
0
Let d(f) = 24*f**2 - 13*f - 4. What is the tens digit of d(4)?
2
Let b be ((-19)/3)/((-4)/36). Suppose -4*o + 27 + b = 0. What is the tens digit of o?
2
Let x = -2 - 0. Let h(z) = -11*z - 1. Let m be h(x). Suppose -47 = -2*f + m. What is the tens digit of f?
3
Let i = -49 - -54. Suppose 0*d - d + 4*j + 118 = 0, 5 = i*j. What is the units digit of d?
2
Suppose 525 = -5*n + 1970. Suppose -3*c + 387 = 4*d - n, 2*d - 338 = -5*c. What is the tens digit of d?
6
What is the tens digit of 5/30 - 37635/(-18)?
9
What is the tens digit of -5*((-864)/10)/6?
7
Suppose -4*u + r - 17 + 2 = 0, r = 2*u + 7. Let x be 6/8 + (-21)/u. What is the tens digit of (20/x)/(1/6)?
2
Suppose 4*q - 3*q + 3*v - 5 = 0, 3*v - 6 = 0. Let j = 5 - q. Suppose 92 = j*n - 88. What is the tens digit of n?
3
Let p be 3 + ((-12)/(-3))/(-4). Let z(a) = p - 6 - 6 + 1 - 6*a. What is the tens digit of z(-6)?
2
Let f(l) = -9*l + 3. Let j be (2/(-4))/((-10)/(-4) + -2). What is the tens digit of f(j)?
1
Let p(y) = -y**3 - 4*y**2 + 3*y - 6. Let k be p(-5). Suppose 0 = u + k*x - 9, -3*u - 4*x - x = -20. What is the tens digit of (-610)/(-25) + (-2)/u?
2
Suppose q + 12 = 6. What is the tens digit of ((-477)/6)/(((-27)/q)/(-9))?
5
Suppose 4*p - 68 = 2*s, 2*p - 44 = -0*p - 4*s. Suppose -26 = -16*c + 6. What is the units digit of (5/c)/(3/p)?
5
Suppose 2*r = r + 4, -q + 5*r - 245 = 0. What is the units digit of -5 + 8 + 1 - q?
9
Let p = 13 + -11. Suppose 5*z + p*z = 147. What is the units digit of z?
1
Let b(h) = 5 + 2 - 7 - 7*h**3 + h**2. Let z be b(1). What is the tens digit of (10/15)/(z/(-135))?
1
Let m(r) = 74*r**3 + 4*r**2 - 7*r + 6. What is the hundreds digit of m(2)?
6
What is the hundreds digit of ((-5)/(-10))/(1 + (-209)/210)?
1
Suppose -135 - 221 = -l. Let x = l + -139. What is the units digit of x?
7
Suppose -2*l + 37 + 2165 = 0. What is the tens digit of l/6 + 4/8?
8
Let f(q) = 12*q + 10 - 4 - 9 - 1. What is the tens digit of f(4)?
4
Suppose o - 4*o + 30 = 0. Let c(v) = 7*v**3 - 5*v**2 + 4*v - 2. Let n be c(2). Let l = n - o. What is the units digit of l?
2
Suppose -46*b + 59*b = 11700. What is the hundreds digit of b?
9
Suppose 0 = 2*t + 4. Let b(r) = -r**3 + 29*r**2 + 29*r + 78. Let m be b(30). What is the units digit of 4 + t + -1 + m?
9
Let n(q) = q**2 + 4*q + 19. What is the units digit of n(-9)?
4
Let w = 19 + 1. Let t = w - 8. What is the units digit of 356/t + 3/9?
0
Let m(i) = 5*i**2 - i + 1. Let f be m(1). Suppose -2*j + 5 = -5*x - 109, 5*x - 215 = -f*j. Let c = j + -11. What is the units digit of c?
6
Suppose -3*t - 40*h - 184 = -44*h, 5*t = -5*h - 330. Let s(b) = -2*b**2 + 4. Let w be s(3). Let j = w - t. What is the units digit of j?
0
Let h(f) be the first derivative of 13*f**4 + 2*f**3/3 - f**2/2 + 19. What is the units digit of h(1)?
3
Suppose 4*r + g = 39, 2*r + g = -0*r + 21. Suppose -z + r - 15 = 0. What is the tens digit of (z + 7)/((-2)/(-62))?
3
Suppose -3*h + 6666 = 3*t, 0 = -3*h - t + 461 + 6199. What is the units digit of h?
9
Let x(l) = -l**3 - 4*l**2 + 39*l + 31. What is the hundreds digit of x(-15)?
9
Let l = 18 -